 24 = -0*d. What is the remainder when 46 is divided by d?
10
Suppose j - 135 = -3*u, -u = -j + 4*j - 53. Calculate the remainder when u is divided by 9.
8
What is the remainder when 35 is divided by 2/(-2*(-4)/48)?
11
Suppose -4*y + 21 = 5*u, -12*u - 2*y = -15*u + 17. Let s = 0 - 1. What is the remainder when u is divided by 3 + 1 + s/1?
2
Let u = 194 + -96. What is the remainder when u is divided by 25?
23
Let u = 64 + -99. Let d = u - -59. What is the remainder when d is divided by 4/(-12) - 16/(-6)*5?
11
Suppose z - 4 = -z. Suppose -z*a + 7*a - 50 = 0. Calculate the remainder when 37 is divided by a.
7
Suppose -72 = -10*n + 7*n. Suppose 5*y - y - n = 0. What is the remainder when 22 is divided by y?
4
Let n(t) = 2*t**2 + 9*t + 1. What is the remainder when n(-8) is divided by 21?
15
Suppose 0 = 12*y - 13*y + 5. What is the remainder when 7 is divided by y?
2
Let p be (2/7)/((-4)/(-28)). Calculate the remainder when 30 is divided by (-2)/p*3 - -14.
8
Let f(r) = 23*r**2 + r. Let l be f(1). Suppose l = -4*k + 80. Calculate the remainder when -5*-3*(-16)/(-6) is divided by k.
12
Suppose 3*b - 19 = -4*o, -11 = 3*o + 4. Let n = -8 + b. What is the remainder when n is divided by 2?
1
Suppose 0 = -3*z - 3*v, 4*v = z + 2*z - 28. Let p = -48 - -62. Calculate the remainder when p is divided by z.
2
Let z(d) = -5*d + 12. Let i be z(8). Let m = 44 + i. Let a(s) = -s**3 + s**2 + s + 6. What is the remainder when m is divided by a(0)?
4
Let o be (19/(-3))/(5/(-15)). Let u = -10 + o. What is the remainder when -1 + 3 - 0 - -24 is divided by u?
8
Suppose 4*b + 44 = 3*g + 112, -3*b - 5*g = -80. Suppose -4*n + 59 - 15 = 0. Let l = -4 + n. Calculate the remainder when b is divided by l.
6
Let w = 16 - 5. What is the remainder when w is divided by 6/(-3)*1*-2?
3
Let p = 1 + 2. Suppose -23 = -b - p. Calculate the remainder when b is divided by 11.
9
Let r be ((-3)/9)/((-1)/(-21)). What is the remainder when 27/1 + 14/r is divided by 9?
7
Suppose 1 = -b + 2*b. Let p = b - 0. What is the remainder when 2 is divided by p?
0
Let p be 3*(1 - 12/9). Let l = 0 - p. Let m(z) = 46*z**2 + z - 1. Calculate the remainder when m(l) is divided by 16.
14
Let g(f) = f + 3. Let d be g(-4). Let p be 8 - 2 - (-2)/d. What is the remainder when 28 is divided by p/(-10) - 104/(-10)?
8
Suppose 0 = 4*u + w - 15, 0*w = 5*u - 5*w - 50. Let f = 13 - u. What is the remainder when 39 is divided by f?
7
Let s = -39 + 57. Let a = 30 - -5. Calculate the remainder when a is divided by s.
17
Let l(z) = -2*z + 7. What is the remainder when l(-6) is divided by 12?
7
Suppose 5*v - j - 130 = -21, 3*v - 79 = 4*j. Calculate the remainder when 80 is divided by v.
17
Let u be (-16)/(-6)*36/16. Suppose -4*s = -s - u. What is the remainder when 14 is divided by (s/6)/((-3)/(-45))?
4
Let r(h) = -h - 18. Let a(s) = 17. Let k(y) = -6*a(y) - 5*r(y). What is the remainder when k(6) is divided by 11?
7
Suppose -3*t = 5*k + 30, -5*k + 2*t = -k + 24. What is the remainder when (k/(-4))/(9/84) is divided by 8?
6
Let h(r) = 3*r - 1. Let z be h(-1). Let y = z - -8. Let j = y + -1. Calculate the remainder when 5 is divided by j.
2
Let a(t) = t - 6. Let f be a(8). Suppose -f*s + 18 = s. What is the remainder when s is divided by 3?
0
Let d(x) be the second derivative of x**4/4 + x**3/3 - 3*x**2/2 - 4*x. What is the remainder when d(-4) is divided by 19?
18
Suppose 17*h = 14*h + 30. Calculate the remainder when 48 is divided by h.
8
Let m(q) = -3*q - 18. What is the remainder when 213 is divided by m(-12)?
15
Let h(y) be the first derivative of 2*y**3/3 + 5*y**2/2 - 2*y - 1. Let v = 0 - -11. Calculate the remainder when h(3) is divided by v.
9
Let k(h) = h**2 + 10*h + 7. Suppose -4*l - 24 = 16. Calculate the remainder when 19 is divided by k(l).
5
Let k = 2 - 1. Let v be k*((4 - 2) + -3). Let u(n) = -9*n**3 + n**2 + 2*n + 1. Calculate the remainder when 26 is divided by u(v).
8
Suppose -2*j - 40 = -4*w, 5*j + 20 = 2*w - 0*w. What is the remainder when 35 is divided by w?
5
Suppose 3*f - 5*g - 23 = 0, -f + 8 = 3*f - g. Let r be (-130)/25 + f/5. Calculate the remainder when 22 is divided by 2/(-5) + (-42)/r.
6
Let n = -5 + 8. Suppose -5*p - s + 311 = -0*s, -n*s - 264 = -4*p. Suppose -x + 2*x + h = 18, 4*h = 5*x - p. Calculate the remainder when x is divided by 8.
7
Calculate the remainder when -11*(-2)/(4/4) is divided by 13.
9
Let a be (-4)/(-10) - 8/(-5). Suppose -6*h + 5*h = -a. Suppose -3*s + 23 = 4*y, -5*y - h*s - 15 = -7*s. Calculate the remainder when 5 is divided by y.
1
Let f(u) = 3*u**2 - 2*u + 2. What is the remainder when f(5) is divided by 23?
21
Suppose 5*h - 5*o + 4*o = 85, 3*o - 34 = -2*h. What is the remainder when h is divided by 10?
7
Let v = 5 - -40. Calculate the remainder when v is divided by 17.
11
Let o(w) = -3*w + 2. Let k be o(4). What is the remainder when (44/k)/(2/(-10)) is divided by 6?
4
Suppose 20 = -5*i, 2*s - 3*i = -0*i + 26. Suppose 4 = 3*p + p. Suppose -p = -2*q + 7. Calculate the remainder when s is divided by q.
3
Let d = -8 + 13. Suppose 11 = -d*h + 66. Let o = h + -8. Calculate the remainder when o is divided by 2.
1
Let f(r) = -r + 7. Calculate the remainder when 43 is divided by f(-5).
7
Let p be 1 - -2 - (-2 + -6). Let j = 27 - p. What is the remainder when 92/3 + 4/(-6) is divided by j?
14
Let q(m) = 9*m - 4. Let l(n) = -9*n + 5. Let h(v) = -2*l(v) - 3*q(v). Let x be 8/(-28) + (-26)/7. What is the remainder when h(x) is divided by 20?
18
Let w = -33 + 59. Let h be (-10)/5*(-1 - 0). Suppose 3*m - 38 = 2*r, 1 - 33 = -h*m - 2*r. What is the remainder when w is divided by m?
12
Let s = 0 - -5. Let i(t) = 8*t - 3. Calculate the remainder when i(2) is divided by s.
3
Suppose -d + 27 = 14. Calculate the remainder when d is divided by 4.
1
Suppose q - 3*w - 46 = -3*q, q = -5*w. What is the remainder when 20/(-2)*(-70)/25 is divided by q?
8
Suppose -3*n + 3*w = 6*w + 33, -n + 9 = 5*w. Calculate the remainder when 43 is divided by (-10)/(-80) - 238/n.
13
Let j(c) = 5*c**2 + 15*c - 14. Let n(d) = 6*d**2 + 14*d - 15. Let z(u) = -5*j(u) + 4*n(u). Calculate the remainder when z(-11) is divided by 33.
32
What is the remainder when 32 is divided by (-6 - -1)*17/(-5)?
15
Calculate the remainder when 31 is divided by (-584)/(-36) + 6/(-27).
15
Let m = -5 + 8. Calculate the remainder when m is divided by 1 - (0 + (-5 - -3)).
0
Suppose -6*h = -236 - 46. Calculate the remainder when h is divided by 16.
15
Calculate the remainder when 117 is divided by 4/(-8) - (-61)/2.
27
Suppose 3*y + 2*m - 198 = 5*m, 63 = y - 2*m. Calculate the remainder when y is divided by 18.
15
Let d = -2 + 24. Let j = -3 + d. What is the remainder when j is divided by 11?
8
Let a(w) = 4*w**3 + w**2 - 2*w - 1. What is the remainder when a(2) is divided by 18?
13
Let o be (-23)/(-3) - (-2)/6. Let m = 83 - 22. Calculate the remainder when m is divided by 82/5 - o/20.
13
Suppose 8 = 4*m, j = m - 4*m + 120. Suppose f = 4*f - j. Calculate the remainder when f is divided by 13.
12
Let d = -1 - -2. Suppose -18*q + 17*q = -2. Suppose -2*w - 2 = -2*r, 3*w + q*r = 3*r + d. What is the remainder when 1 is divided by w?
0
Let b(d) = 4*d + 10. What is the remainder when b(6) is divided by 12?
10
Let f(d) = 62*d**2 - d. Let z be -2*(0 - (-3)/6). Calculate the remainder when f(z) is divided by 16.
15
Let g(t) = 11*t**2 - t - 1. Calculate the remainder when g(3) is divided by 32.
31
Suppose 3*y - 50 = -2*y. Let t = 26 - y. Calculate the remainder when 30 is divided by t.
14
Suppose 0 = -5*o + v + 13, -3*v + 1 = -3*o + 4. Let j(z) = -z**3 + z**2 + z + 11. Calculate the remainder when j(0) is divided by o.
2
Suppose -6*f + 30 = -3*f. Calculate the remainder when 47 is divided by f.
7
Suppose -3*n = -15, -p - 2 + 1 = -n. Suppose -p*r + 5*r = 15. What is the remainder when 44 is divided by r?
14
Let r(f) = 2*f + 10. Calculate the remainder when 27 is divided by r(0).
7
Let a be 3*3*(5 + 2). Suppose 5*f + 3 - a = 0. Let z = 103 - 68. What is the remainder when z is divided by f?
11
Let y(v) = v**2 + 3*v. Let n = -19 - -34. What is the remainder when y(-7) is divided by n?
13
Let u(h) be the third derivative of h**6/120 - 3*h**5/20 + 11*h**4/24 - 5*h**3/3 + 2*h**2. What is the remainder when u(8) is divided by 5?
4
Let o = -30 - -52. Suppose